the hundred thousands digit of 1418378854?
3
What is the millions digit of 6233899800?
3
What is the hundred millions digit of 1487059063?
4
What is the hundred thousands digit of 55543332?
5
What is the ten millions digit of 49521929?
4
What is the millions digit of 54542498?
4
What is the hundred thousands digit of 2259949163?
9
What is the units digit of 49138655?
5
What is the ten millions digit of 750925267?
5
What is the millions digit of 1269814241?
9
What is the hundred millions digit of 169380078?
1
What is the hundred thousands digit of 1522481035?
4
What is the units digit of 1113949574?
4
What is the hundred thousands digit of 4316089377?
0
What is the hundred millions digit of 367233025?
3
What is the ten millions digit of 323056812?
2
What is the thousands digit of 144232088?
2
What is the millions digit of 761457834?
1
What is the hundred thousands digit of 5428077?
4
What is the hundred thousands digit of 55961946?
9
What is the hundred millions digit of 237483797?
2
What is the ten millions digit of 21625667?
2
What is the millions digit of 705513928?
5
What is the units digit of 33371436?
6
What is the hundred thousands digit of 135000559?
0
What is the thousands digit of 164819801?
9
What is the ten millions digit of 5540232971?
4
What is the hundred millions digit of 170364152?
1
What is the ten thousands digit of 1441974614?
7
What is the billions digit of 3457617462?
3
What is the millions digit of 328381746?
8
What is the ten thousands digit of 7757053?
5
What is the millions digit of 35387704?
5
What is the units digit of 182930475?
5
What is the hundred thousands digit of 313515?
3
What is the ten thousands digit of 1144657769?
5
What is the thousands digit of 30410801?
0
What is the ten millions digit of 2665167973?
6
What is the ten millions digit of 214305936?
1
What is the hundred millions digit of 213061930?
2
What is the ten millions digit of 1697252576?
9
What is the millions digit of 4579199?
4
What is the units digit of 1703715367?
7
What is the tens digit of 77549896?
9
What is the ten thousands digit of 169544808?
4
What is the hundreds digit of 996550620?
6
What is the hundreds digit of 6519209599?
5
What is the thousands digit of 26763806?
3
What is the hundreds digit of 40073986?
9
What is the hundred millions digit of 211023329?
2
What is the hundreds digit of 19114182?
1
What is the thousands digit of 543373413?
3
What is the millions digit of 52484071?
2
What is the ten millions digit of 159882700?
5
What is the ten thousands digit of 5606327?
0
What is the units digit of 697707493?
3
What is the units digit of 28242155?
5
What is the millions digit of 432954400?
2
What is the billions digit of 2120412815?
2
What is the millions digit of 1104996073?
4
What is the units digit of 489562642?
2
What is the thousands digit of 1021840824?
0
What is the hundred thousands digit of 469006294?
0
What is the hundred thousands digit of 742050998?
0
What is the hundred thousands digit of 2914708357?
7
What is the units digit of 655544401?
1
What is the ten thousands digit of 707022150?
2
What is the ten thousands digit of 248996009?
9
What is the tens digit of 492782271?
7
What is the millions digit of 3084533?
3
What is the hundreds digit of 29447677?
6
What is the hundred thousands digit of 3817254339?
2
What is the billions digit of 1966127459?
1
What is the ten millions digit of 528049430?
2
What is the hundred millions digit of 849132296?
8
What is the hundred millions digit of 201211876?
2
What is the thousands digit of 83667292?
7
What is the millions digit of 58009920?
8
What is the hundreds digit of 67710130?
1
What is the hundred thousands digit of 65459998?
4
What is the ten millions digit of 47390553?
4
What is the ten millions digit of 34466965?
3
What is the ten millions digit of 122487342?
2
What is the hundreds digit of 262680842?
8
What is the ten millions digit of 3392607777?
9
What is the units digit of 149312029?
9
What is the hundred millions digit of 551950701?
5
What is the hundred millions digit of 136823492?
1
What is the millions digit of 1008465800?
8
What is the millions digit of 11425839?
1
What is the units digit of 1857108?
8
What is the units digit of 125982706?
6
What is the tens digit of 164343135?
3
What is the ten thousands digit of 23815828?
1
What is the thousands digit of 83858910?
8
What is the thousands digit of 1458038884?
8
What is the hundred thousands digit of 18060023?
0
What is the thousands digit of 482407081?
7
What is the millions digit of 85947754?
5
What is the tens digit of 1050651?
5
What is the hundred millions digit of 185258461?
1
What is the thousands digit of 25891235?
1
What is the thousands digit of 79811965?
1
What is the hundreds digit of 2031014771?
7
What is the ten millions digit of 568193224?
6
What is the ten thousands digit of 70430491?
3
What is the billions digit of 3773548301?
3
What is the tens digit of 7719439986?
8
What is the thousands digit of 274705573?
5
What is the units digit of 718864548?
8
What is the ten millions digit of 726121181?
2
What is the millions digit of 69564400?
9
What is the hundreds digit of 682618870?
8
What is the thousands digit of 528026400?
6
What is the ten millions digit of 1040855392?
4
What is the ten thousands digit of 2639312462?
1
What is the millions digit of 2054762828?
4
What is the thousands digit of 117349192?
9
What is the ten thousands digit of 175242909?
4
What is the hundred thousands digit of 2863883?
8
What is the millions digit of 102195151?
2
What is the hundred millions digit of 301011420?
3
What is the tens digit of 105298504?
0
What is the thousands digit of 420029108?
9
What is the ten millions digit of 1967538052?
6
What is the tens digit of 50030345?
4
What is the hundred millions digit of 134131589?
1
What is the hundreds digit of 3413536961?
9
What is the ten thousands digit of 5581677212?
7
What is the hundreds digit of 231128455?
4
What is the billions digit of 2192830367?
2
What is the ten thousands digit of 119756958?
5
What is the units digit of 44266508?
8
What is the millions digit of 20466306?
0
What is the hundred millions digit of 1975399028?
9
What is the tens digit of 49189856?
5
What is the thousands digit of 566178813?
8
What is the ten millions digit of 1186307174?
8
What is the units digit of 14116476?
6
What is the thousands digit of 2264564735?
4
What is the thousands digit of 87374200?
4
What is the ten thousands digit of 1604634313?
3
What is the ten millions digit of 33526659?
3
What is the hundred thousands digit of 25911739?
9
What is the hundred thousands digit of 85635157?
6
What is the hundred thousands digit of 83963727?
9
What is the tens digit of 118205349?
4
What is the units digit of 2274078045?
5
What is the tens digit of 419408158?
5
What is the thousands digit of 1220226624?
6
What is the tens digit of 183416707?
0
What is the hundred thousands digit of 269209303?
2
What is the ten millions digit of 40225314?
4
What is the ten thousands digit of 22767188?
6
What is the thousands digit of 154121912?
1
What is the hundred millions digit of 1032985310?
0
What is the millions digit of 4418112873?
8
What is the units digit of 790626321?
1
What is the millions digit of 40905682?
0
What is the hundred millions digit of 6872563631?
8
What is the tens digit of 496237770?
7
What is the ten millions digit of 292605954?
9
What is the hundreds digit of 409506189?
1
What is the billions digit of 5090274854?
5
What is the hundred thousands digit of 8901407?
9
What is the ten thousands digit of 187279767?
7
What is the hundreds digit of 3697716803?
8
What is the units digit of 3340543?
3
What is the hundred thousands digit of 2065056?
0
What is the ten thousands digit of 92561823?
6
What is the tens digit of 5059032839?
3
What is the tens digit of 263527467?
6
What is the hundred millions digit of 226544209?
2
What is the tens digit of 32911572?
7
What is the thousands digit of 98843841?
3
What is the ten thousands digit of 1131529980?
2
What is the thousands digit of 446646889?
6
What is the hundred millions digit of 2434573989?
4
What is the ten thousands digit of 3445260353?
6
What is the hundred millions digit of 220705820?
2
What is the thousands digit of 255